 972 = -3*i. Suppose -2*z + 182 = -i. Is z composite?
True
Let f(c) = 4 - 267*c + 4 - 1. Let t be f(6). Let v = -1110 - t. Is v a prime number?
False
Suppose -2*x = 39 - 43. Suppose -x*s + 8*s = 14574. Is s a prime number?
False
Let k(m) = -11*m**2 - 7*m + 54. Let o be k(6). Let l = o - -2062. Is l composite?
True
Let h(a) = 74*a + 111. Let p(s) = 37*s + 56. Let n(x) = 4*h(x) - 9*p(x). Is n(-11) a composite number?
False
Let w(u) = 1029*u**2 + 2*u - 16. Is w(-3) a prime number?
True
Let n be (-10673)/(-7) + (-1)/((-42)/12). Suppose 2*f = -5*o + 3102, -f + 2*f = 4*o + n. Is f prime?
False
Let h(c) = -c - 1. Let n be h(-1). Let m(s) = 1 + 7 + n - 3*s - 20*s. Is m(-13) prime?
True
Suppose -141 = -3*g + 153. Let n = -15 + g. Let m = n - 6. Is m a prime number?
False
Let q = -11 + 12. Let l be 0 + q + 2 + -1. Suppose n + l*n = w + 383, -2*w - 512 = -4*n. Is n composite?
False
Is 38982/12*(6 - 2 - 2) a prime number?
False
Suppose -k - 5 = -3*o + o, -k + 5*o - 8 = 0. Let z be ((-40)/15)/(2/k). Suppose z*v + v = 185. Is v a composite number?
False
Let g = 259 + -260. Let h be -2 - (1 - (-262 + -2)). Is ((-11)/(-33))/(g/h) composite?
False
Suppose -19 = -4*c + 5. Suppose -314 = -3*s + 151. Suppose -c*t + s = -t. Is t composite?
False
Suppose -6*v - 1210737 = -39*v. Is v a prime number?
False
Is 3*1 + (-23)/(184/(-6000)) a prime number?
False
Let z = -1306 + 460. Let h = 1206 + z. Suppose 0 = -2*b + 2*t + 196, 4*b + 2*t - h = -2*t. Is b a prime number?
False
Let l be 1*(-3 + 1) - (-1 + -1002). Suppose 8*m = l + 623. Is m a composite number?
True
Suppose 0 = -f - t + 1668, 3*f + 5*t - 9*t = 5039. Is f a prime number?
False
Suppose -24*c - 133726 = -945046. Is c a composite number?
True
Is (-3 - (-228)/(-8))*16/(-24) prime?
False
Suppose -117637 = -3*m - 9*o + 10*o, -4*o - 78438 = -2*m. Is m a prime number?
False
Suppose -7 - 23 = 5*f. Let w be (26/(-6))/(2/f). Let s(b) = 20*b - 3. Is s(w) prime?
True
Suppose -h + 3118 = -2793. Is h prime?
False
Suppose 2*a + t = -2*t + 7892, -4*a + 3*t = -15766. Is a a prime number?
True
Is 5984 - (4 - (-8 - -9)) prime?
True
Let m = 4554 + 5137. Is m prime?
False
Let d be (-9)/(-15) + 9/(-15). Suppose 4*b - 7 - 1 = d. Let o(r) = 51*r**3 - 2*r**2 + 4*r + 1. Is o(b) a composite number?
False
Suppose -15*d - 812 = -17*d. Let c = d + -147. Let n = c - -138. Is n prime?
True
Let h(v) = 115*v**2 + 3*v - 6. Let n be h(-4). Suppose b + 3*a - 1852 = 0, 2*a - 5*a - n = -b. Is b composite?
True
Let n(t) = 26*t**2 + 7*t + 5. Let h be n(-4). Let r = h + -102. Is r composite?
True
Let v = -74 + 23. Let s = -72 - v. Is (-2)/(-3 + (-57)/s) composite?
False
Suppose -k + 4*p = -6*k + 4397, -865 = -k + 4*p. Is k composite?
False
Suppose -2*b + 3*b = -2*n - 47, 0 = -n - b - 25. Let h = n + 533. Is h a prime number?
False
Let m(d) = -456*d**3 - d**2 - d - 3. Is m(-2) a composite number?
False
Suppose -4*z + 2*w + 3360 = 0, z - 5*w + 96 = 954. Suppose -z = -2*m - 0*m. Is m a composite number?
False
Let a(s) = 5*s**2 - 2*s + 3. Let z = 9 - 9. Suppose -w + 3 - 1 = z. Is a(w) a composite number?
False
Suppose -3082 = -f + r - 1008, 4*f + 5*r - 8323 = 0. Is f a composite number?
True
Let y = 14 + -12. Let h be 3/6*y*-1. Let i(w) = -115*w**3 - w**2 + 1. Is i(h) prime?
False
Let l be -1*-1*(0 - -9). Suppose -4*q - 2*o + 12 = 0, 5*q = 4*o - l*o + 15. Suppose -q*c = -8*c + 4965. Is c composite?
True
Suppose 5*a + 175214 = x, -2*a + 7*a = -5. Is x a prime number?
False
Suppose -5*s + 60 = -0*s. Let y = -8 + s. Is -17*(y/2 - 9) composite?
True
Let f = 2416 - 3914. Let g be 2593 - (-2 + 2 + -4). Let a = g + f. Is a a prime number?
False
Suppose 2*l + 0*l - 9276 = 0. Is l*-1*(-1)/2 composite?
True
Suppose -5*w - 2*d = -33305, 4*w - 3*w + 3*d - 6648 = 0. Is w composite?
True
Let p be (14648/(-20) + -4)*(5 + 0). Let z = p + 5597. Is z composite?
True
Is (7 - (-496)/(-64)) + (-235022)/(-8) prime?
False
Let r(i) = 371*i**2 - 1. Let t be r(-1). Let j = 9 + -5. Suppose j*d - t = -d. Is d a prime number?
False
Suppose 6*g + 12548 = 10*g. Is g a prime number?
True
Suppose 0*y - y - 19 = 0. Let p = y - -24. Is 655 - -1 - 15/p a prime number?
True
Let f(j) = 5528*j + 231. Is f(4) a prime number?
True
Suppose -3*i + 6807 = -4*w, i + 3*w - 4538 = -i. Is i composite?
False
Suppose 3*z - 4*n = -2, -6*n - 12 = -3*n. Let d(r) = r**2 + 3*r - 9. Let b be d(z). Suppose 3288 = -s + b*s. Is s a prime number?
False
Let w = -163 + -400. Let u = w + 965. Suppose 2*v = u + 420. Is v prime?
False
Let a = 87 - 87. Suppose -7*w = -2*w - 17860. Suppose a = 8*u - 7124 - w. Is u a composite number?
True
Let b(h) = -41*h + 25. Let f be b(12). Let w = -310 - f. Is w prime?
True
Let q be 9/(-36) + 37/4. Suppose -4*k + q*k = 0. Suppose k = 3*o - o - 106. Is o composite?
False
Let h(s) = 2*s**2 + 9*s - 10. Suppose 5*b = -8 - 22. Let o(j) = j**2 + 7*j - 1. Let v be o(b). Is h(v) prime?
False
Suppose 4*s - 7 - 1 = 0, -4*j - 5*s = 154. Let a = 117 + j. Suppose -5*q + 561 = a. Is q a composite number?
False
Is 133605/60 + (-2)/(-8) a prime number?
False
Let k(v) = 66*v**3 + 2*v**2 + v + 1. Let l be k(2). Suppose -5*g + l = 3*b - b, -4*b - 12 = 0. Is g a prime number?
True
Suppose 6 = -2*t, 50184 = 3*v - 3*t + 4*t. Is v composite?
False
Suppose 2225*z - 2214*z - 412819 = 0. Is z prime?
True
Let x be (4 - -2) + 0/(-9). Let b = 9 - x. Suppose 0 = -2*j + b*y + 140, 0*j + 5*j + 2*y = 331. Is j a composite number?
False
Let y = -34 - -30. Is 4 - (y + (-1281 - 2)) composite?
False
Let k be (-2)/(-4) - (-5)/2. Suppose k*g = 136 + 95. Is g a composite number?
True
Let z(o) be the second derivative of -1/12*o**4 + 0 - 5*o + 1/6*o**3 + 67/2*o**2. Is z(0) prime?
True
Let w(a) = 1058*a - 13. Let j be w(5). Suppose -j = -v - 2*v. Is v a prime number?
True
Suppose -5*w + 3*a + 445211 = 0, -32*w + 178084 = -30*w - a. Is w prime?
True
Let l(c) = 33*c**2 + 2*c + 1. Let q be l(-1). Let j = 137 - q. Suppose -2*w = 3*w - j. Is w composite?
True
Let y = -7 - 2. Is -298*(y/6 + 1) a prime number?
True
Let m = 51934 + -35523. Is m a prime number?
True
Let t = -3 - -5. Suppose -s + 0*q = -4*q - 171, -4*q + 378 = t*s. Let h = s - 100. Is h prime?
True
Let v(i) = i**2 - 21*i + 20. Let w be v(20). Is (-1 + w)/(3164/1055 - 3) composite?
True
Let i(y) = 15*y - 1. Let g be (-3 + (-92)/(-20))*-5. Let z(q) = q**2 + 7*q - 2. Let f be z(g). Is i(f) prime?
True
Suppose 2*k - 962 - 917 = -y, 0 = -y + 5*k + 1872. Suppose -5*z + y = -108. Is z composite?
False
Let r = -1938 - -10396. Is r a composite number?
True
Let w = -18 - -21. Suppose -t + 0*t = -w. Suppose -t*l + 70 + 77 = 0. Is l composite?
True
Let m = -5438 - -1677. Let f = m + 6888. Is f prime?
False
Let q(x) = 30*x**3 + 9*x**2 - 13*x + 85. Is q(9) composite?
False
Suppose -m + o = 4*o + 12, 0 = -4*m + o - 22. Is (0/2 - -2)*(-921)/m prime?
True
Let o = -190 - -417. Suppose -t + 90 = -o. Is t prime?
True
Suppose -10 - 15 = -5*v. Suppose -2*y = -3*m + v*m - 958, -5*y - 1934 = -4*m. Suppose m = b + 84. Is b a prime number?
True
Let j = 5773 - 3365. Suppose 3925 = 2*o - 3*z, 10288 = 4*o + 4*z + j. Is o a prime number?
False
Suppose 4*x = -h + 6234, 4*h - 972 + 8775 = 5*x. Is x composite?
False
Let g(l) = 236*l + 27. Is g(4) a prime number?
True
Let n = -11 + -31. Is (0 + 3)/((-3)/n*6) a prime number?
True
Suppose 9 = -4*h + h, 3*t + 4*h - 147981 = 0. Is t a composite number?
False
Let q = 4657 - -1600. Is q composite?
False
Suppose 6*q - 16 = 2*q. Let f be -11*(-6)/q*6. Suppose 5*u + 0*n + n - f = 0, -3*n = 4*u - 88. Is u a prime number?
True
Let o = -3528 + 534. Is (o/2)/(12/(-8)) a prime number?
False
Let i = 0 + -25. Let a = 27 + i. Suppose a*z = -3*z + 5215. Is z a prime number?
False
Suppose s = -249 + 1872. Is s composite?
True
Suppose 21*v = 22*v - 5. Suppose -v*a + 2509 - 554 = 0. Is a composite?
True
Let q(v) = v**3 + 23*v**2 - 2*v - 41. Let j be q(-23). Suppose -j*p - 4932 = -16897. Is p composite?
False
Let k(n) = n**3 - 7*n**2 + 6*n + 5. Let a be k(6). Suppose -a*r - 17 + 7 = 0. Is (563/r)/((-6)/12) composite?
False
Suppose 4*j - 5*h - 2 = j, -2*h = -j + 2. Let l be ((-20)/(-8) + 2)/((-7)/2170). Is (-10)/(-15)*l/j prime?
False
Suppose i = -3*d + 303968, -9*d + 5*d = -i - 405293. Is d composite?
False
Is 2/(14/3) + (-9557704)/(-812) composite?
True
Let m be (-1